 28. Let q be (-4)/((-112)/92) - 6/i. Let c be 4 - (4 - q - 1). What is the greatest common factor of c and 36?
4
Let z(b) = 55*b**2 - 2*b + 1. Let g be z(2). Let f be 26*(-3)/24*-124. Suppose -3*l - f = -16*l. Calculate the greatest common divisor of l and g.
31
Let c be (28 + 202)*(-4)/10*18/(-12). What is the highest common divisor of c and 3657?
69
Let a be (-82)/6*(-283 - -13). What is the greatest common divisor of a and 54?
18
Let j be -8*(27/(-6))/9. Suppose -j*o = -3*o - 24. Suppose -56 = -b - 6*n + 5*n, 4*n + 136 = 2*b. What is the highest common divisor of o and b?
12
Let h = 115 - -25. Let q = 1907 - 1837. What is the highest common divisor of q and h?
70
Suppose -6*a = -9*a + 6. Let y(r) = -10*r**2 - 3*r + 7. Let k be y(a). Let j = 1 - k. What is the highest common divisor of 5 and j?
5
Let i be ((-63)/2)/((5/(-25))/((-294)/(-35))). Calculate the highest common divisor of i and 21.
21
Let a(f) = f**2 + 12*f + 23. Let d be a(-4). Let c(r) = 20*r + 221. Let l be c(d). Let o = -116 - -485. What is the greatest common divisor of o and l?
41
Let w be -590*1*2/(-2). Let y = -87819 - -87839. Calculate the greatest common divisor of w and y.
10
Suppose 2*v + 26 = l - 31, 0 = 4*v + 16. Suppose 0 = -3*i + 223 - l. What is the highest common divisor of 522 and i?
58
Let l(p) = -19*p - 14. Let q be l(3). Let s = q - -233. Calculate the greatest common factor of 18 and s.
18
Suppose -3*o + 166 = -4*a, -3*o + a + 96 = 4*a. Let d = 71 + -29. What is the greatest common divisor of d and o?
42
Let a(b) = -358*b + 28. Suppose -3*j = 89 - 80. Let x be a(j). Calculate the highest common factor of 58 and x.
58
Let g(j) = 2*j**3 + 16*j**2 + 12*j + 16. Let p be g(-7). Let i be p*(2/5)/(120/100). What is the highest common factor of 8 and i?
2
Suppose -46*j + 49*j - 120 = 0. Let h be (-36)/(-30)*j/12. Suppose -z - 26 = -l, h*l = 5*z + 10 + 96. Calculate the highest common factor of 24 and l.
24
Let q be ((-6292)/26 - 25)*(-4)/3. What is the greatest common factor of 6 and q?
2
Let t = -288 - -294. Let z be 61/4 + t*(-7)/168. Calculate the greatest common factor of z and 255.
15
Let r = 241 - -14. Suppose 21*q = 16*q + r. Calculate the greatest common factor of 85 and q.
17
Suppose 0 = -2*i - 3*k + 1985, 0 = -5*i + 6*k - 2061 + 7037. Calculate the highest common divisor of i and 42.
14
Let t(p) = 4*p**2 + p - 11. Let a = 65 + -57. Suppose -3*s - 25 = 5*x, -x - a*s + 3*s = 5. Let l be t(x). What is the greatest common factor of 12 and l?
12
Suppose -b - 145*s = -149*s - 15050, -2*b + 30100 = 2*s. What is the highest common divisor of b and 70?
70
Suppose -t - 163 = -3*f, -3298*t = -3*f - 3293*t + 155. What is the greatest common divisor of 275 and f?
55
Let s(m) = -2*m + 4. Let x be s(-6). Let f = 8087 + -8027. What is the highest common factor of x and f?
4
Let d be (-4)/(-14) + 766/14. Let w be ((-33)/6)/((-342)/684). What is the highest common divisor of w and d?
11
Let n(o) = 9*o - 31. Let b be (-4)/(-3) - (48/(-9))/2. Let f be n(b). Suppose f*j - 298 = 42. Calculate the highest common factor of j and 17.
17
Let l(a) = 4*a + 92. Let j be l(-17). Suppose 0 = 17*q - 9082 - 7646. What is the highest common divisor of q and j?
24
Suppose -3*u = 2*j + 1, 10*j - 9*j - 16 = 4*u. Let l be (159/(-9))/(1/u). Let y be l - (-5 - -10 - 2). What is the highest common factor of y and 2?
2
Suppose -5*o + 16 = 1. Suppose -l = 5*d - 3097, -1854 = -o*d - l - l. Let v = d - 440. Calculate the greatest common divisor of 20 and v.
20
Let d be 6156/39 - 6 - (-4)/26. Suppose 29 - 4 = 5*m. Suppose m*y + 2*w = -2*w + 103, 2*w - 80 = -4*y. What is the greatest common factor of y and d?
19
Let n(g) = g + 14. Let l be n(-9). Suppose -2*f - l = -15. Suppose -f*a + 35 = -240. What is the greatest common factor of 5 and a?
5
Suppose -y + 9*p = 11*p - 9919, 0 = -2*y + 3*p + 19866. What is the greatest common divisor of y and 9?
9
Let c be (-201)/15 - 4/(-10). Let b = 561 + -558. Let l be b/(39/2) + (-102)/c. Calculate the highest common divisor of l and 16.
8
Let d(s) = 53*s**2 - 92*s + 85. Let r be d(5). What is the greatest common divisor of r and 285?
95
Let r be 436/1962 - (-392)/18. Calculate the greatest common factor of 4466 and r.
22
Let c(y) = -7*y - 10. Let p be c(19). Let t = p + 239. What is the highest common divisor of 12 and t?
12
Let t(l) = -202*l + 4053. Let v be t(20). What is the highest common divisor of v and 23725?
13
Suppose 121*f = 104*f + 805 + 1830. Calculate the highest common divisor of f and 65.
5
Let z(q) = -3*q**3 - 15*q**2 + 12*q - 25. Let m be z(-6). Suppose -7*p = 4*r - m*p - 6156, -2*p = r - 1539. What is the greatest common divisor of 19 and r?
19
Let b = 1 + 178. Let c = 256 - b. Calculate the greatest common divisor of 11 and c.
11
Let d(x) = -x**2 - 32*x - 35. Suppose 31 = -30*g - 479. Let u be d(g). Calculate the highest common factor of u and 132.
44
Let k be ((-5214)/231)/(6/(-483)). Calculate the highest common divisor of 46 and k.
23
Let y(c) = -6*c - 60. Suppose -5*p = 5*i + 25, 36 = 2*i - 5*i + 4*p. Let t be y(i). Let z be (-9)/6*(4 + t). Calculate the highest common divisor of 84 and z.
12
Suppose -4*i + 2*r = -43 - 711, -4*r = 20. Let l = i + -61. Suppose 3*d = l - 23. Calculate the greatest common divisor of d and 51.
17
Let z be (-1 - 9589/(-4)) + 87/(-116)*-1. What is the highest common divisor of 9 and z?
3
Let l be 4/(-6)*(42216/28)/((-4)/35). What is the greatest common factor of 5 and l?
5
Let o(c) = c + 18. Let l be o(-2). Let z(d) = -11*d + 215. Let w be z(l). What is the greatest common divisor of w and 1?
1
Let z(m) = -6*m**3 - 22*m**2 + 17*m + 40. Let h be z(-8). Calculate the highest common divisor of 980 and h.
196
Let f be (3/36 + 55/60)/((-2)/(-28152)). What is the highest common factor of f and 184?
92
Let h = -473 + 789. Let m = 248 + h. What is the greatest common divisor of m and 12?
12
Suppose 0 = -2*j - 96 + 34. Let g = 44 + j. Calculate the greatest common divisor of 52 and g.
13
Let r(i) = i**3 - 12*i**2 + 3*i - 3. Let v be r(12). Suppose -32 = 2*y + 2*q, 0*y = 4*y - q + 54. Let m = y + v. What is the highest common divisor of m and 38?
19
Let g = 791 - 791. Suppose -2*j + 5*j = 93. Suppose -34*a + j*a + 9 = g. Calculate the highest common divisor of a and 6.
3
Let p(u) = -u**2 - 9*u + 41. Let g be p(-12). Suppose 2*a - 3 = -g, -4*m + 159 = a. What is the greatest common factor of 20 and m?
20
Let j(c) = -1037*c**3 + 8*c**2 + 43*c + 35. Let n be j(-1). What is the highest common factor of 68 and n?
17
Suppose -5*n - 11 = 34. Let q be (n/(-6))/(15/230). Suppose i = 101 - q. What is the highest common divisor of i and 39?
39
Suppose -p + 110 = 4*p. Let g be 68/(-20) + (-2)/(-5) + 67. Suppose g = 6*b - 992. Calculate the highest common divisor of b and p.
22
Let y = -22 - -127. Let g = y + -102. Suppose -16 = -q - 3*h, q - 5 - g = h. What is the greatest common divisor of 80 and q?
10
Let y(l) = -l**3 - 33*l**2 + 35*l + 69. Let i be y(-34). Let m(n) = 4*n + 74. Let w be m(-15). Calculate the highest common divisor of i and w.
7
Let l = -119 - -227. Let d = 1344 + -1320. Calculate the greatest common factor of d and l.
12
Let y = 50 + -48. Suppose -t + y = 34. Let x be (-4)/32 - 164/t. What is the greatest common factor of x and 55?
5
Let l = 35 - 5. Let b be (109 - 103)/(2/160). What is the greatest common divisor of b and l?
30
Let y = 1443 + -1345. What is the greatest common factor of 1904 and y?
14
Suppose -12 = -2*k - 2*o - 2, 0 = 4*k - o - 25. Let u be ((4 + -5 - 4) + k)*73. What is the greatest common divisor of u and 146?
73
Let r = 3816 + -3798. What is the greatest common divisor of r and 822?
6
Suppose -2*y - 2*y = -168. Suppose -8*l = 5*l - 195. Suppose -2*m + 29 = l*i - 12*i, 0 = -3*i + 4*m + 5. What is the highest common divisor of y and i?
7
Suppose 18 = 4*d + v, 4*d - 4*v + 2*v - 12 = 0. Let b = 382 - d. Calculate the greatest common divisor of 28 and b.
14
Suppose -70 = s - 37. Let c = s + -46. Let h = -57 - c. Calculate the greatest common divisor of 22 and h.
22
Suppose -3*f - f = 0, 2*q - 66 = 2*f. Let t(u) = -17*u - 1. Suppose 12*a = 14*a + 4. Let g be t(a). Calculate the highest common divisor of g and q.
33
Suppose -544*z + 547*z - 87 = 18. What is the highest common divisor of z and 160?
